{"id":23,"date":"2022-03-03T10:16:12","date_gmt":"2022-03-03T09:16:12","guid":{"rendered":"https:\/\/www.sfppg.fr\/colloque\/?page_id=23"},"modified":"2026-01-26T23:05:10","modified_gmt":"2026-01-26T22:05:10","slug":"programme","status":"publish","type":"page","link":"https:\/\/www.sfppg.fr\/colloque\/programme\/","title":{"rendered":"PROGRAMME"},"content":{"rendered":"\n<style type=\"text\/css\" data-created_by=\"avia_inline_auto\" id=\"style-css-av-3ht3v-5d69582173d2f7b46ddb322a90d8aa17\">\n.avia-section.av-3ht3v-5d69582173d2f7b46ddb322a90d8aa17{\nbackground-color:#fcfcfc;\nbackground-image:unset;\n}\n.avia-section.av-3ht3v-5d69582173d2f7b46ddb322a90d8aa17 .av-section-color-overlay{\nopacity:0.5;\nbackground-image:url(https:\/\/www.sfppg.fr\/colloque\/wp-content\/themes\/enfold\/images\/background-images\/noise-for-light-background-compressed.png);\nbackground-repeat:repeat;\n}\n<\/style>\n<div id='av_section_1'  class='avia-section av-3ht3v-5d69582173d2f7b46ddb322a90d8aa17 main_color avia-section-default avia-no-border-styling  avia-builder-el-0  el_before_av_one_full  avia-builder-el-first  avia-bg-style-scroll av-section-color-overlay-active av-minimum-height av-minimum-height-50 av-height-50  container_wrap sidebar_right'   data-av_minimum_height_pc='50' data-av_min_height_opt='50'><div class=\"av-section-color-overlay-wrap\"><div class=\"av-section-color-overlay\"><\/div><a href='#next-section' title='' class='scroll-down-link  avia-svg-icon avia-font-svg_entypo-fontello' data-av_svg_icon='down-open-mini' data-av_iconset='svg_entypo-fontello'><svg version=\"1.1\" xmlns=\"http:\/\/www.w3.org\/2000\/svg\" width=\"15\" height=\"32\" viewBox=\"0 0 15 32\" preserveAspectRatio=\"xMidYMid meet\" aria-labelledby='av-svg-title-1' aria-describedby='av-svg-desc-1' role=\"graphics-symbol\" aria-hidden=\"true\">\n<title id='av-svg-title-1'>Scroller vers la prochaine section<\/title>\n<desc id='av-svg-desc-1'>Scroller vers la prochaine section<\/desc>\n<path d=\"M12.96 12.16q0.704-0.832 1.536 0 0.832 0.704 0 1.536l-6.272 6.144q-0.704 0.704-1.536 0l-6.272-6.144q-0.832-0.832 0-1.536 0.768-0.768 1.6 0l5.44 4.992z\"><\/path>\n<\/svg><\/a><div class='container av-section-cont-open' ><main  role=\"main\" itemprop=\"mainContentOfPage\"  class='template-page content  av-content-small alpha units'><div class='post-entry post-entry-type-page post-entry-23'><div class='entry-content-wrapper clearfix'>\n<div class='flex_column_table av-2q3t3-842cfd6be2162c0e9ba4835eab48df4a sc-av_one_half av-equal-height-column-flextable'>\n<style type=\"text\/css\" data-created_by=\"avia_inline_auto\" id=\"style-css-av-2q3t3-842cfd6be2162c0e9ba4835eab48df4a\">\n.flex_column.av-2q3t3-842cfd6be2162c0e9ba4835eab48df4a{\npadding:20px 20px 20px 20px;\n}\n<\/style>\n<div  class='flex_column av-2q3t3-842cfd6be2162c0e9ba4835eab48df4a av_one_half  avia-builder-el-1  el_before_av_two_fifth  avia-builder-el-first  first flex_column_table_cell av-equal-height-column av-align-middle  '     ><p>\n<style type=\"text\/css\" data-created_by=\"avia_inline_auto\" id=\"style-css-av-m4sk27df-47ed370cb7e6fb03eb10286464b74fcb\">\n#top .av-special-heading.av-m4sk27df-47ed370cb7e6fb03eb10286464b74fcb{\npadding-bottom:10px;\ncolor:#0d5ea0;\n}\nbody .av-special-heading.av-m4sk27df-47ed370cb7e6fb03eb10286464b74fcb .av-special-heading-tag .heading-char{\nfont-size:25px;\n}\n.av-special-heading.av-m4sk27df-47ed370cb7e6fb03eb10286464b74fcb .special-heading-inner-border{\nborder-color:#0d5ea0;\n}\n.av-special-heading.av-m4sk27df-47ed370cb7e6fb03eb10286464b74fcb .av-subheading{\nfont-size:25px;\ncolor:#f48a18;\n}\n<\/style>\n<div  class='av-special-heading av-m4sk27df-47ed370cb7e6fb03eb10286464b74fcb av-special-heading-h1 custom-color-heading blockquote modern-quote  avia-builder-el-2  el_before_av_buttonrow  avia-builder-el-first '><div class='av_custom_color av-subheading av-subheading_above'><p>Les Journ\u00e9es Scientifiques de la SFPPG 2026<\/p>\n<\/div><h1 class='av-special-heading-tag '  itemprop=\"headline\"  >PROGRAMME<\/h1><div class=\"special-heading-border\"><div class=\"special-heading-inner-border\"><\/div><\/div><\/div><br \/>\n<div  class='avia-buttonrow-wrap av-m4sk39e6-95744c774a4443af3e8bc0de696b7d6e avia-buttonrow-left  avia-builder-el-3  el_after_av_heading  avia-builder-el-last '>\n\n<style type=\"text\/css\" data-created_by=\"avia_inline_auto\" id=\"style-css-av-m4sk38tb-8fe28c09ca374b5aadb4aa5373e8e08a\">\n#top #wrap_all .avia-button.av-m4sk38tb-8fe28c09ca374b5aadb4aa5373e8e08a{\nborder-style:solid;\nborder-width:3px 3px 3px 3px;\nborder-color:#ffffff;\nborder-radius:40px 40px 40px 40px;\ntransition:all 0.4s ease-in-out;\nmargin-bottom:5px;\nmargin-right:5px;\n}\n#top #wrap_all .avia-button.av-m4sk38tb-8fe28c09ca374b5aadb4aa5373e8e08a:hover{\nbackground-color:#0d5ea0;\ncolor:white;\ntransition:all 0.4s ease-in-out;\n}\n#top #wrap_all .avia-button.av-m4sk38tb-8fe28c09ca374b5aadb4aa5373e8e08a:hover .avia_button_background{\nborder-radius:40px 40px 40px 40px;\n}\n#top #wrap_all .avia-button.av-m4sk38tb-8fe28c09ca374b5aadb4aa5373e8e08a:hover .avia-svg-icon svg:first-child{\nfill:white;\nstroke:white;\n}\n<\/style>\n<a href='https:\/\/www.sfppg.fr\/colloque\/inscription\/'  class='avia-button av-m4sk38tb-8fe28c09ca374b5aadb4aa5373e8e08a avia-icon_select-no avia-size-large avia-color-theme-color-highlight avia-font-color-white'   aria-label=\"Inscription\"><span class='avia_iconbox_title' >Inscription<\/span><\/a>\n<\/div><\/p><\/div><div class='av-flex-placeholder'><\/div><div  class='flex_column av-2cq3f-3958680c7a22b068ca4b4bc70a78dfea av_two_fifth  avia-builder-el-4  el_after_av_one_half  avia-builder-el-last  flex_column_table_cell av-equal-height-column av-align-middle  '     ><style type=\"text\/css\" data-created_by=\"avia_inline_auto\" id=\"style-css-av-1fstz-e1c9398ed97f4c5312c08580f5fd333f\">\n.avia-image-container.av-1fstz-e1c9398ed97f4c5312c08580f5fd333f img.avia_image{\nbox-shadow:none;\n}\n.avia-image-container.av-1fstz-e1c9398ed97f4c5312c08580f5fd333f .av-image-caption-overlay-center{\ncolor:#ffffff;\n}\n<\/style>\n<div  class='avia-image-container av-1fstz-e1c9398ed97f4c5312c08580f5fd333f av-styling- avia-align-center  avia-builder-el-5  avia-builder-el-no-sibling '   itemprop=\"image\" itemscope=\"itemscope\" itemtype=\"https:\/\/schema.org\/ImageObject\" ><div class=\"avia-image-container-inner\"><div class=\"avia-image-overlay-wrap\"><img decoding=\"async\" fetchpriority=\"high\" class='wp-image-1063 avia-img-lazy-loading-not-1063 avia_image ' src=\"https:\/\/www.sfppg.fr\/colloque\/wp-content\/uploads\/2026\/01\/picto-colloque-sfppg-26.png\" alt='' title='picto-colloque-sfppg-26'  height=\"500\" width=\"500\"  itemprop=\"thumbnailUrl\" srcset=\"https:\/\/www.sfppg.fr\/colloque\/wp-content\/uploads\/2026\/01\/picto-colloque-sfppg-26.png 500w, https:\/\/www.sfppg.fr\/colloque\/wp-content\/uploads\/2026\/01\/picto-colloque-sfppg-26-300x300.png 300w, https:\/\/www.sfppg.fr\/colloque\/wp-content\/uploads\/2026\/01\/picto-colloque-sfppg-26-80x80.png 80w, https:\/\/www.sfppg.fr\/colloque\/wp-content\/uploads\/2026\/01\/picto-colloque-sfppg-26-36x36.png 36w, https:\/\/www.sfppg.fr\/colloque\/wp-content\/uploads\/2026\/01\/picto-colloque-sfppg-26-180x180.png 180w\" sizes=\"(max-width: 500px) 100vw, 500px\" \/><\/div><\/div><\/div><\/div><\/div><!--close column table wrapper. Autoclose: 1 --><\/div><\/div><\/main><!-- close content main element --><\/div><\/div><\/div><div id='after_section_1'  class='main_color av_default_container_wrap container_wrap sidebar_right'  ><div class='container av-section-cont-open' ><div class='template-page content  av-content-small alpha units'><div class='post-entry post-entry-type-page post-entry-23'><div class='entry-content-wrapper clearfix'><div  class='flex_column av-qbjr-605921f789abb41a7d89766e4f40e5f2 av_one_full  avia-builder-el-6  el_after_av_section  el_before_av_section  avia-builder-el-no-sibling  first flex_column_div  '     ><section  class='av_textblock_section av-m5lfxs19-e93c670b9fa6f099d9d9abda28a1693e '   itemscope=\"itemscope\" itemtype=\"https:\/\/schema.org\/CreativeWork\" ><div class='avia_textblock'  itemprop=\"text\" ><p style=\"text-align: center;\"><span style=\"color: #ff6600;\">Cliquez sur la fl\u00e8che \u00e0 droite pour tourner les pages du programme<\/span><\/p>\n<\/div><\/section><br \/>\n<br \/>\n\n<style type=\"text\/css\" data-created_by=\"avia_inline_auto\" id=\"style-css-av-m5lekbgr-1c91ac9e8c0052f0fe60d6bdae331e97\">\n#top .hr.hr-invisible.av-m5lekbgr-1c91ac9e8c0052f0fe60d6bdae331e97{\nheight:20px;\n}\n<\/style>\n<div  class='hr av-m5lekbgr-1c91ac9e8c0052f0fe60d6bdae331e97 hr-invisible  avia-builder-el-9  el_after_av_codeblock  el_before_av_buttonrow '><span class='hr-inner '><span class=\"hr-inner-style\"><\/span><\/span><\/div><br \/>\n<div  class='avia-buttonrow-wrap av-m5lecddx-51f31f1bec8e135eca2414ef98c7b881 avia-buttonrow-center  avia-builder-el-10  el_after_av_hr  avia-builder-el-last '>\n\n<style type=\"text\/css\" data-created_by=\"avia_inline_auto\" id=\"style-css-av-m5lduw9t-a23408ee7dff5e9b5e02cfb084fd2f5d\">\n#top #wrap_all .avia-button.av-m5lduw9t-a23408ee7dff5e9b5e02cfb084fd2f5d{\nborder-style:solid;\nborder-width:3px 3px 3px 3px;\nborder-color:#ffffff;\nborder-radius:15px 15px 15px 15px;\ntransition:all 0.4s ease-in-out;\nmargin-bottom:5px;\nmargin-right:3px;\nmargin-left:3px;\n}\n#top #wrap_all .avia-button.av-m5lduw9t-a23408ee7dff5e9b5e02cfb084fd2f5d:hover{\nbackground-color:#0d5ea0;\ncolor:white;\ntransition:all 0.4s ease-in-out;\n}\n#top #wrap_all .avia-button.av-m5lduw9t-a23408ee7dff5e9b5e02cfb084fd2f5d:hover .avia_button_background{\nborder-radius:15px 15px 15px 15px;\n}\n#top #wrap_all .avia-button.av-m5lduw9t-a23408ee7dff5e9b5e02cfb084fd2f5d:hover .avia-svg-icon svg:first-child{\nfill:white;\nstroke:white;\n}\n<\/style>\n<a href='https:\/\/www.sfppg.fr\/colloque\/wp-content\/uploads\/2026\/01\/Les-journees-de-la-SFPPG-20-21-mars-2026-2.pdf'  class='avia-button av-m5lduw9t-a23408ee7dff5e9b5e02cfb084fd2f5d avia-icon_select-yes-left-icon avia-size-large avia-color-theme-color-highlight avia-font-color-white'  target=\"_blank\"  rel=\"noopener noreferrer\"  aria-label=\"T\u00e9l\u00e9charger le programme au format pdf\"><span class='avia_button_icon avia_button_icon_left avia-iconfont avia-font-entypo-fontello' data-av_icon='\ue835' data-av_iconfont='entypo-fontello' ><\/span><span class='avia_iconbox_title' >T\u00e9l\u00e9charger le programme au format pdf<\/span><\/a>\n<\/div><\/p><\/div><\/p>\n<\/div><\/div><\/div><!-- close content main div --><\/div><\/div>\n<style type=\"text\/css\" data-created_by=\"avia_inline_auto\" id=\"style-css-av-16san-48c33fc9ff9336401f5bcc09f953fee6\">\n.avia-section.av-16san-48c33fc9ff9336401f5bcc09f953fee6{\nbackground-color:#fcfcfc;\nbackground-image:unset;\n}\n.avia-section.av-16san-48c33fc9ff9336401f5bcc09f953fee6 .av-section-color-overlay{\nopacity:0.5;\nbackground-image:url(https:\/\/www.sfppg.fr\/colloque\/wp-content\/themes\/enfold\/images\/background-images\/noise-for-light-background-compressed.png);\nbackground-repeat:repeat;\n}\n<\/style>\n<div id='av_section_2'  class='avia-section av-16san-48c33fc9ff9336401f5bcc09f953fee6 main_color avia-section-default avia-no-border-styling  avia-builder-el-11  el_after_av_one_full  avia-builder-el-last  avia-bg-style-scroll av-section-color-overlay-active av-minimum-height av-minimum-height-50 av-height-50  container_wrap sidebar_right'   data-av_minimum_height_pc='50' data-av_min_height_opt='50'><div class=\"av-section-color-overlay-wrap\"><div class=\"av-section-color-overlay\"><\/div><div class='container av-section-cont-open' ><div class='template-page content  av-content-small alpha units'><div class='post-entry post-entry-type-page post-entry-23'><div class='entry-content-wrapper clearfix'>\n\n<style type=\"text\/css\" data-created_by=\"avia_inline_auto\" id=\"style-css-av-13ejb-ba4a8a8856445379f8d232445807598f\">\n.flex_column.av-13ejb-ba4a8a8856445379f8d232445807598f{\npadding:20px 20px 20px 20px;\nbackground-color:#ffffff;\n}\n<\/style>\n<div  class='flex_column av-13ejb-ba4a8a8856445379f8d232445807598f av_one_full  avia-builder-el-12  avia-builder-el-no-sibling  first flex_column_div  '     ><section  class='av_textblock_section av-m4tv94mf-af7c0445236024ea4845bc40c9462a38 '   itemscope=\"itemscope\" itemtype=\"https:\/\/schema.org\/CreativeWork\" ><div class='avia_textblock'  itemprop=\"text\" ><section class=\"av_textblock_section av-lz721mys-b740881b2fbdbdd74ecaae72933b2b7f \">\n<div class=\"avia_textblock\">\n<h1><strong>L\u2019analyse de groupe au d\u00e9fi de l\u2019actualit\u00e9<\/strong><\/h1>\n<p>Le monde contemporain est travers\u00e9 par des mutations profondes qui bouleversent toutes les dimensions de la vie individuelle et collective. Crises politiques, d\u00e9sordres \u00e9conomiques, fractures sociales, catastrophes \u00e9cologiques : ces bouleversements, d\u2019une rapidit\u00e9 in\u00e9dite, alimentent un climat g\u00e9n\u00e9ralis\u00e9 d\u2019incertitude, de fragmentation et d\u2019angoisse. L\u2019actualit\u00e9, marqu\u00e9e par une violence diffuse, fragilise les liens, confronte les individus \u00e0 la perte de rep\u00e8res stables, et \u00e9branle les assises narcissiques.\u00a0<em>Penser le groupe<\/em>, et\u00a0<em>analyser le groupe<\/em>, c\u2019est-\u00e0-dire en rep\u00e9rer les processus et en formuler les concepts, mais aussi<em>,\u00a0<\/em>en imaginer les dispositifs -sociaux, th\u00e9rapeutiques ou formatifs \u2013 dont la groupalit\u00e9 est le principal levier, est le plus souvent articul\u00e9 aux d\u00e9fis pos\u00e9s par le chaos du monde. L\u2019histoire nous montre que les grandes avanc\u00e9es th\u00e9oriques et pratiques relatives au groupe et \u00e0 la groupalit\u00e9 sont souvent apparues dans des contextes de catastrophe. Quelles seront alors les innovations suscit\u00e9es par notre \u00e9poque ?<\/p>\n<p>A ce titre, et a fortiori parce que la SFPPG est une soci\u00e9t\u00e9 savante, nous consid\u00e9rons les avanc\u00e9es scientifiques tr\u00e8s rapides, comme susceptibles de bousculer les pratiques et d\u2019interroger les th\u00e9ories pr\u00e9c\u00e9dentes, pour nous bien \u00e9tablies. Dans ce contexte de renouvellement des connaissances, on peut se demander si les bases m\u00eame de la psychanalyse, et a fortiori de l\u2019approche psychanalytique groupale, se trouvent impact\u00e9es, et de quelle fa\u00e7on?<\/p>\n<p>Didier Anzieu \u00e9crivait d\u00e9j\u00e0 dans les ann\u00e9es 1970 que \u00ab la r\u00e9sistance \u00e9pist\u00e9mologique au concept de groupe prouve la r\u00e9sistance de l\u2019homme contemporain \u00e0 la vie en groupe \u00bb et il a list\u00e9 les principales r\u00e9sistances suivantes: le groupe fait obstacle \u00e0 la relation privil\u00e9gi\u00e9e \u00e0 deux, le groupe dans sa complexit\u00e9 suppose une vue d\u2019ensemble difficile \u00e0 soutenir subjectivement, le groupe impose le d\u00e9centrement et bouscule ainsi les narcissismes des sujets, le groupe est fait pour \u00eatre v\u00e9cu plut\u00f4t que pens\u00e9 ou analys\u00e9, chaque groupe est toujours compos\u00e9 d\u2019autres groupes provoquant des interf\u00e9rences et des zones de recouvrement difficile \u00e0 traiter, les groupes sont toujours travers\u00e9 par des tensions, entre lutte pour l\u2019ind\u00e9pendance et soumission.<\/p>\n<p>Nous observons de telles r\u00e9sistances aux lieux du vivre ensemble, de la politique comme de la clinique et de la recherche. Or, il nous appartient, singuli\u00e8rement et collectivement, de ne pas c\u00e9der le pas sur ces m\u00e9canismes d\u00e9fensifs dont les effets se font sentir dans les plus petits engagements du quotidien. \u201cComment de l\u2019impens\u00e9 qui nous pr\u00e9c\u00e8de ne pas fabriquer de l\u2019impens\u00e9 qui nous devance ? \u00bb (Ka\u00ebs, 2012, p. 207). Comment de l\u2019impens\u00e9 qui nous devance ne pas fabriquer un impens\u00e9 qui nous pr\u00e9c\u00e8de pourrions nous ajouter, car il va de soi que les d\u00e9fis du pr\u00e9sent sont aussi ceux du pass\u00e9 mais surtout ceux de l\u2019avenir, au c\u0153ur de la transmission dont le groupe est le cadre privil\u00e9gi\u00e9 d\u2019expression.<\/p>\n<p>Il est notable d\u2019observer que ces derni\u00e8res ann\u00e9es, les pratiques initi\u00e9es par les neurosciences dans le domaine de la sant\u00e9, ou encore celles de la psycho-\u00e9ducation dans le domaine de la formation et de l\u2019\u00e9ducation sont venues en concurrence, des psychoth\u00e9rapies psychanalytiques dans de nombreuses institutions. Diff\u00e9rents dispositifs de groupe inspir\u00e9s des approches plurielles co-existent : groupe \u00e0 rem\u00e9diation cognitive, Mickael\u2019s Game, groupe de psycho\u00e9ducation, groupe d\u2019affirmation de soi etc. Dans ce contexte, comment soutenir la groupalit\u00e9 comme un paradigme en soi, et non comme un simple outil, voire comme une solution \u00e9conomique, efficace certes mais sans mobiliser la r\u00e9flexivit\u00e9 ?<\/p>\n<p>La souffrance psychique contemporaine, telle qu\u2019elle se manifeste dans les groupes, qu\u2019ils soient th\u00e9rapeutiques, familiaux ou institutionnels, appelle des dispositifs capables de contenir la violence psychique. Le transfert multifocal propre \u00e0 l\u2019analyse de groupe permet de faire du groupe un contenant psychique, un espace transitionnel o\u00f9 le sujet retrouve une inscription dans une parole, une histoire, une appartenance.<\/p>\n<h3><strong>Ce colloque se donne pour mission d\u2019explorer :<\/strong><\/h3>\n<ul>\n<li>Les nouvelles formes de souffrance psychique rencontr\u00e9es dans les groupes contemporains ;<\/li>\n<li>Les enjeux \u00e9pist\u00e9mologiques que ces formes posent \u00e0 la psychanalyse de groupe ;<\/li>\n<li>Les mutations des dispositifs, des cadres et des pratiques ;<\/li>\n<li>La fa\u00e7on dont l\u2019analyse de groupe peut continuer \u00e0 se r\u00e9inventer comme paradigme vivant de pens\u00e9e du lien, de la conflictualit\u00e9 et du sujet.<\/li>\n<\/ul>\n<p>Ces journ\u00e9es scientifiques porteront ces nombreuses interrogations, tant au niveau des fondements th\u00e9oriques de nos pratiques, qu\u2019\u00e0 l\u2019adaptation de ces derni\u00e8res \u00e0 l\u2019actualit\u00e9 des nouvelles formes de souffrance dans un dialogue pluridisciplinaire, interdisciplinaire et transdisciplinaire.<\/p>\n<\/div>\n<\/section>\n<div class=\"av-special-heading av-m4jz96vt-7a508b1f2aafc6604dad9b1c7f97f66a av-special-heading-h2 avia-builder-el-6 el_after_av_textblock el_before_av_textblock \">\n<h2 class=\"av-special-heading-tag\"><\/h2>\n<div class=\"special-heading-border\"><\/div>\n<\/div>\n<\/div><\/section><\/div>\n<\/div><\/div><\/div><!-- close content main div --><\/div><\/div><\/div><div id='after_section_2'  class='main_color av_default_container_wrap container_wrap sidebar_right'  ><div class='container av-section-cont-open' ><div class='template-page content  av-content-small alpha units'><div class='post-entry post-entry-type-page post-entry-23'><div class='entry-content-wrapper clearfix'>\n","protected":false},"excerpt":{"rendered":"","protected":false},"author":1,"featured_media":0,"parent":0,"menu_order":0,"comment_status":"closed","ping_status":"closed","template":"","meta":{"footnotes":""},"class_list":["post-23","page","type-page","status-publish","hentry"],"_links":{"self":[{"href":"https:\/\/www.sfppg.fr\/colloque\/wp-json\/wp\/v2\/pages\/23","targetHints":{"allow":["GET"]}}],"collection":[{"href":"https:\/\/www.sfppg.fr\/colloque\/wp-json\/wp\/v2\/pages"}],"about":[{"href":"https:\/\/www.sfppg.fr\/colloque\/wp-json\/wp\/v2\/types\/page"}],"author":[{"embeddable":true,"href":"https:\/\/www.sfppg.fr\/colloque\/wp-json\/wp\/v2\/users\/1"}],"replies":[{"embeddable":true,"href":"https:\/\/www.sfppg.fr\/colloque\/wp-json\/wp\/v2\/comments?post=23"}],"version-history":[{"count":80,"href":"https:\/\/www.sfppg.fr\/colloque\/wp-json\/wp\/v2\/pages\/23\/revisions"}],"predecessor-version":[{"id":1137,"href":"https:\/\/www.sfppg.fr\/colloque\/wp-json\/wp\/v2\/pages\/23\/revisions\/1137"}],"wp:attachment":[{"href":"https:\/\/www.sfppg.fr\/colloque\/wp-json\/wp\/v2\/media?parent=23"}],"curies":[{"name":"wp","href":"https:\/\/api.w.org\/{rel}","templated":true}]}}