{"id":21,"date":"2022-03-03T10:15:51","date_gmt":"2022-03-03T09:15:51","guid":{"rendered":"https:\/\/www.sfppg.fr\/colloque\/?page_id=21"},"modified":"2026-01-23T20:07:02","modified_gmt":"2026-01-23T19:07:02","slug":"contact","status":"publish","type":"page","link":"https:\/\/www.sfppg.fr\/colloque\/contact\/","title":{"rendered":"CONTACT &#038; LIEU"},"content":{"rendered":"\n<style type=\"text\/css\" data-created_by=\"avia_inline_auto\" id=\"style-css-av-57vlh-feb81f37c51a246e58bd7476674a9c1f\">\n.avia-section.av-57vlh-feb81f37c51a246e58bd7476674a9c1f{\nbackground-color:#fcfcfc;\nbackground-image:unset;\n}\n.avia-section.av-57vlh-feb81f37c51a246e58bd7476674a9c1f .av-section-color-overlay{\nopacity:0.5;\nbackground-image:url(https:\/\/www.sfppg.fr\/colloque\/wp-content\/themes\/enfold\/images\/background-images\/noise-for-light-background-compressed.png);\nbackground-repeat:repeat;\n}\n<\/style>\n<div id='av_section_1'  class='avia-section av-57vlh-feb81f37c51a246e58bd7476674a9c1f main_color avia-section-default avia-no-border-styling  avia-builder-el-0  el_before_av_section  avia-builder-el-first  avia-bg-style-scroll av-section-color-overlay-active av-minimum-height av-minimum-height-50 av-height-50  container_wrap sidebar_right'   data-av_minimum_height_pc='50' data-av_min_height_opt='50'><div class=\"av-section-color-overlay-wrap\"><div class=\"av-section-color-overlay\"><\/div><div class='container av-section-cont-open' ><main  role=\"main\" itemprop=\"mainContentOfPage\"  class='template-page content  av-content-small alpha units'><div class='post-entry post-entry-type-page post-entry-21'><div class='entry-content-wrapper clearfix'>\n\n<style type=\"text\/css\" data-created_by=\"avia_inline_auto\" id=\"style-css-av-m7kl2ovw-d5ece33158d32646de173f50b7616b39\">\n.flex_column.av-m7kl2ovw-d5ece33158d32646de173f50b7616b39{\nborder-radius:20px 20px 20px 20px;\nheight:auto;\nmin-height:400px;\n}\n<\/style>\n<div  class='flex_column av-m7kl2ovw-d5ece33158d32646de173f50b7616b39 av_one_half  avia-builder-el-1  el_before_av_one_half  avia-builder-el-first  first flex_column_div avia-full-stretch  '     ><section  class='av_textblock_section av-mkr83md3-efcd5964016614b7a67810a2b4604ca7 '   itemscope=\"itemscope\" itemtype=\"https:\/\/schema.org\/CreativeWork\" ><div class='avia_textblock'  itemprop=\"text\" ><h2 data-start=\"818\" data-end=\"843\">Infos pratiques<\/h2>\n<h4 data-start=\"844\" data-end=\"967\">Lieu<\/h4>\n<p data-start=\"844\" data-end=\"967\">Facult\u00e9 d\u2019\u00c9ducation \u2013 site de Perpignan (Universit\u00e9 de Montpellier)<br data-start=\"922\" data-end=\"925\" \/><strong data-start=\"925\" data-end=\"967\">3 avenue Alfred Sauvy, 66000 PERPIGNAN<\/strong><\/p>\n<h4 data-start=\"969\" data-end=\"1032\">Dates<\/h4>\n<p data-start=\"969\" data-end=\"1032\"><strong data-start=\"981\" data-end=\"1003\">Jeudi 20 mars 2026<\/strong> et <strong data-start=\"1007\" data-end=\"1032\">vendredi 21 mars 2026<\/strong><\/p>\n<h4 data-start=\"1034\" data-end=\"1183\">Acc\u00e8s en transports en commun<\/h4>\n<p data-start=\"1034\" data-end=\"1183\">Le site est accessible via le r\u00e9seau Sank\u00e9o : <strong data-start=\"1116\" data-end=\"1182\">bus ligne C \u2013 arr\u00eat \u201cCit\u00e9 Universitaire\u201d (avenue Alfred Sauvy)<\/strong>.<\/p>\n<h4 data-start=\"1185\" data-end=\"1324\">Contact (site de Perpignan)<\/h4>\n<p data-start=\"1185\" data-end=\"1324\">T\u00e9l. <strong data-start=\"1224\" data-end=\"1242\">04 68 85 15 17<\/strong> (standard)<br data-start=\"1253\" data-end=\"1256\" \/>Horaires d\u2019ouverture indiqu\u00e9s : <strong data-start=\"1288\" data-end=\"1324\">du lundi au vendredi, 7h30\u201319h00<\/strong><\/p>\n<\/div><\/section><\/div>\n<style type=\"text\/css\" data-created_by=\"avia_inline_auto\" id=\"style-css-av-p71d-e06a83d6dd7d4eddb2e8561201346185\">\n.flex_column.av-p71d-e06a83d6dd7d4eddb2e8561201346185{\nborder-radius:20px 20px 20px 20px;\nheight:auto;\nmin-height:400px;\n}\n<\/style>\n<div  class='flex_column av-p71d-e06a83d6dd7d4eddb2e8561201346185 av_one_half  avia-builder-el-3  el_after_av_one_half  el_before_av_one_fourth  flex_column_div avia-full-stretch  '     ><section  class='av_textblock_section av-mkr80ztv-188e513555eb116f395b0925f890820b '   itemscope=\"itemscope\" itemtype=\"https:\/\/schema.org\/CreativeWork\" ><div class='avia_textblock'  itemprop=\"text\" ><p><iframe loading=\"lazy\" style=\"border: 0;\" src=\"https:\/\/www.google.com\/maps\/embed?pb=!1m18!1m12!1m3!1d752.8056500798557!2d2.902611195248009!3d42.67247805676219!2m3!1f0!2f39.200537654939794!3f0!3m2!1i1024!2i768!4f35!3m3!1m2!1s0x12b06fd191cbe61f%3A0x1b192acec69c25fc!2s3%20Av.%20Alfred%20Sauvy%2C%2066100%20Perpignan!5e1!3m2!1sfr!2sfr!4v1769191880729!5m2!1sfr!2sfr\" width=\"600\" height=\"450\" allowfullscreen=\"allowfullscreen\"><\/iframe><\/p>\n<\/div><\/section><\/div><div class='flex_column_table av-4cltp-22f8038cf091a8dacb30b16c433fa038 sc-av_one_fourth av-equal-height-column-flextable'>\n<style type=\"text\/css\" data-created_by=\"avia_inline_auto\" id=\"style-css-av-4cltp-22f8038cf091a8dacb30b16c433fa038\">\n.flex_column.av-4cltp-22f8038cf091a8dacb30b16c433fa038{\nwidth:22.75%;\nmargin-left:0;\nborder-radius:20px 20px 20px 20px;\npadding:20px 20px 20px 20px;\nbackground-color:#ffffff;\n}\n#top .flex_column_table.av-equal-height-column-flextable.av-4cltp-22f8038cf091a8dacb30b16c433fa038 .av-flex-placeholder{\nwidth:3%;\n}\n<\/style>\n<div  class='flex_column av-4cltp-22f8038cf091a8dacb30b16c433fa038 av_one_fourth  avia-builder-el-5  el_after_av_one_half  el_before_av_one_fourth  first flex_column_table_cell av-equal-height-column av-align-middle  column-top-margin'     ><p><div  class='hr av-3o9cx-dce6894cfdec43ba7dae2881c75c1cac hr-default  avia-builder-el-6  el_before_av_heading  avia-builder-el-first '><span class='hr-inner '><span class=\"hr-inner-style\"><\/span><\/span><\/div><br \/>\n\n<style type=\"text\/css\" data-created_by=\"avia_inline_auto\" id=\"style-css-av-3ev0d-ff4f2418c85a5c015823569f87ccefca\">\n#top .av-special-heading.av-3ev0d-ff4f2418c85a5c015823569f87ccefca{\npadding-bottom:10px;\n}\nbody .av-special-heading.av-3ev0d-ff4f2418c85a5c015823569f87ccefca .av-special-heading-tag .heading-char{\nfont-size:25px;\n}\n.av-special-heading.av-3ev0d-ff4f2418c85a5c015823569f87ccefca .av-subheading{\nfont-size:15px;\n}\n<\/style>\n<div  class='av-special-heading av-3ev0d-ff4f2418c85a5c015823569f87ccefca av-special-heading-h2 blockquote modern-quote  avia-builder-el-7  el_after_av_hr  el_before_av_hr '><h2 class='av-special-heading-tag '  itemprop=\"headline\"  >Facult\u00e9 d\u2019\u00c9ducation \u2013 site de Perpignan <\/h2><div class='av-subheading av-subheading_below'><p>(Universit\u00e9 de Montpellier)<br \/>\n3 avenue Alfred Sauvy, 66000 PERPIGNAN<\/p>\n<\/div><div class=\"special-heading-border\"><div class=\"special-heading-inner-border\"><\/div><\/div><\/div><br \/>\n<div  class='hr av-2o0cd-4e890aeb7aefa03aa8ddb896edd80d52 hr-default  avia-builder-el-8  el_after_av_heading  avia-builder-el-last '><span class='hr-inner '><span class=\"hr-inner-style\"><\/span><\/span><\/div><\/p><\/div><div class='av-flex-placeholder'><\/div>\n<style type=\"text\/css\" data-created_by=\"avia_inline_auto\" id=\"style-css-av-251e9-cb8127cc8f5ad6e2ffff5c60cffd8b8c\">\n.flex_column.av-251e9-cb8127cc8f5ad6e2ffff5c60cffd8b8c{\nwidth:22.75%;\nmargin-left:0;\nborder-radius:20px 20px 20px 20px;\nheight:auto;\nmin-height:400px;\nbackground:url(https:\/\/www.sfppg.fr\/colloque\/wp-content\/uploads\/2026\/01\/perpignan-7.jpg) 50% 50% no-repeat scroll ;\n}\n#top .flex_column_table.av-equal-height-column-flextable.av-251e9-cb8127cc8f5ad6e2ffff5c60cffd8b8c .av-flex-placeholder{\nwidth:3%;\n}\n<\/style>\n<div  class='flex_column av-251e9-cb8127cc8f5ad6e2ffff5c60cffd8b8c av_one_fourth  avia-builder-el-9  el_after_av_one_fourth  el_before_av_one_fourth  flex_column_table_cell av-equal-height-column av-align-middle avia-full-stretch  column-top-margin'     ><\/div><div class='av-flex-placeholder'><\/div>\n<style type=\"text\/css\" data-created_by=\"avia_inline_auto\" id=\"style-css-av-1qohx-c031ad72b63d600cbda0cbbb0aaa16bd\">\n.flex_column.av-1qohx-c031ad72b63d600cbda0cbbb0aaa16bd{\nwidth:22.75%;\nmargin-left:0;\nborder-radius:20px 20px 20px 20px;\nheight:auto;\nmin-height:400px;\nbackground:url(https:\/\/www.sfppg.fr\/colloque\/wp-content\/uploads\/2026\/01\/perpignan-3.jpg) 50% 50% no-repeat scroll ;\n}\n#top .flex_column_table.av-equal-height-column-flextable.av-1qohx-c031ad72b63d600cbda0cbbb0aaa16bd .av-flex-placeholder{\nwidth:3%;\n}\n<\/style>\n<div  class='flex_column av-1qohx-c031ad72b63d600cbda0cbbb0aaa16bd av_one_fourth  avia-builder-el-10  el_after_av_one_fourth  el_before_av_one_fourth  flex_column_table_cell av-equal-height-column av-align-middle avia-full-stretch  column-top-margin'     ><\/div><div class='av-flex-placeholder'><\/div>\n<style type=\"text\/css\" data-created_by=\"avia_inline_auto\" id=\"style-css-av-wc7p-150c6e22187e7f401f8a36ab8194d683\">\n.flex_column.av-wc7p-150c6e22187e7f401f8a36ab8194d683{\nwidth:22.75%;\nmargin-left:0;\nborder-radius:20px 20px 20px 20px;\nheight:auto;\nmin-height:400px;\nbackground:url(https:\/\/www.sfppg.fr\/colloque\/wp-content\/uploads\/2026\/01\/perpignan-13.jpg) 50% 50% no-repeat scroll ;\n}\n#top .flex_column_table.av-equal-height-column-flextable.av-wc7p-150c6e22187e7f401f8a36ab8194d683 .av-flex-placeholder{\nwidth:3%;\n}\n<\/style>\n<div  class='flex_column av-wc7p-150c6e22187e7f401f8a36ab8194d683 av_one_fourth  avia-builder-el-11  el_after_av_one_fourth  avia-builder-el-last  flex_column_table_cell av-equal-height-column av-align-middle avia-full-stretch  column-top-margin'     ><\/div><\/div><!--close column table wrapper. Autoclose: 1 -->\n\n<\/div><\/div><\/main><!-- close content main element --><\/div><\/div><\/div>\n<style type=\"text\/css\" data-created_by=\"avia_inline_auto\" id=\"style-css-av-r7kh-c0a94f47af11b041a97e2512ade0573e\">\n.avia-section.av-r7kh-c0a94f47af11b041a97e2512ade0573e{\nbackground-color:#fcfcfc;\nbackground-image:unset;\n}\n.avia-section.av-r7kh-c0a94f47af11b041a97e2512ade0573e .av-section-color-overlay{\nopacity:0.5;\nbackground-image:url(https:\/\/www.sfppg.fr\/colloque\/wp-content\/themes\/enfold\/images\/background-images\/noise-for-light-background-compressed.png);\nbackground-repeat:repeat;\n}\n<\/style>\n<div id='av_section_2'  class='avia-section av-r7kh-c0a94f47af11b041a97e2512ade0573e main_color avia-section-default avia-no-border-styling  avia-builder-el-12  el_after_av_section  avia-builder-el-last  avia-bg-style-scroll av-section-color-overlay-active av-minimum-height av-minimum-height-50 av-height-50  container_wrap sidebar_right'   data-av_minimum_height_pc='50' data-av_min_height_opt='50'><div class=\"av-section-color-overlay-wrap\"><div class=\"av-section-color-overlay\"><\/div><a href='#next-section' title='' class='scroll-down-link  avia-svg-icon avia-font-svg_entypo-fontello' data-av_svg_icon='down-open-mini' data-av_iconset='svg_entypo-fontello'><svg version=\"1.1\" xmlns=\"http:\/\/www.w3.org\/2000\/svg\" width=\"15\" height=\"32\" viewBox=\"0 0 15 32\" preserveAspectRatio=\"xMidYMid meet\" aria-labelledby='av-svg-title-1' aria-describedby='av-svg-desc-1' role=\"graphics-symbol\" aria-hidden=\"true\">\n<title id='av-svg-title-1'>Scroller vers la prochaine section<\/title>\n<desc id='av-svg-desc-1'>Scroller vers la prochaine section<\/desc>\n<path d=\"M12.96 12.16q0.704-0.832 1.536 0 0.832 0.704 0 1.536l-6.272 6.144q-0.704 0.704-1.536 0l-6.272-6.144q-0.832-0.832 0-1.536 0.768-0.768 1.6 0l5.44 4.992z\"><\/path>\n<\/svg><\/a><div class='container av-section-cont-open' ><div class='template-page content  av-content-small alpha units'><div class='post-entry post-entry-type-page post-entry-21'><div class='entry-content-wrapper clearfix'>\n<div class='flex_column_table av-2lluh-c49d5e76beaf2f0e3b66b3b2c0e72906 sc-av_one_half av-equal-height-column-flextable'>\n<style type=\"text\/css\" data-created_by=\"avia_inline_auto\" id=\"style-css-av-2lluh-c49d5e76beaf2f0e3b66b3b2c0e72906\">\n.flex_column.av-2lluh-c49d5e76beaf2f0e3b66b3b2c0e72906{\nborder-radius:20px 20px 20px 20px;\npadding:30px 30px 30px 30px;\nbackground-color:#f5b066;\n}\n<\/style>\n<div  class='flex_column av-2lluh-c49d5e76beaf2f0e3b66b3b2c0e72906 av_one_half  avia-builder-el-13  el_before_av_one_half  avia-builder-el-first  first flex_column_table_cell av-equal-height-column av-align-middle  '     ><p>\n<style type=\"text\/css\" data-created_by=\"avia_inline_auto\" id=\"style-css-av-m4si8fdb-330c3522e9ca9c7df66140e284ec156a\">\n#top .av-special-heading.av-m4si8fdb-330c3522e9ca9c7df66140e284ec156a{\npadding-bottom:10px;\ncolor:#0d5ea0;\n}\nbody .av-special-heading.av-m4si8fdb-330c3522e9ca9c7df66140e284ec156a .av-special-heading-tag .heading-char{\nfont-size:25px;\n}\n.av-special-heading.av-m4si8fdb-330c3522e9ca9c7df66140e284ec156a .special-heading-inner-border{\nborder-color:#0d5ea0;\n}\n.av-special-heading.av-m4si8fdb-330c3522e9ca9c7df66140e284ec156a .av-subheading{\nfont-size:25px;\ncolor:#f48a18;\n}\n<\/style>\n<div  class='av-special-heading av-m4si8fdb-330c3522e9ca9c7df66140e284ec156a av-special-heading-h1 custom-color-heading blockquote modern-quote modern-centered  avia-builder-el-14  el_before_av_textblock  avia-builder-el-first '><div class='av_custom_color av-subheading av-subheading_above'><p>Colloque SFPPG 2025<\/p>\n<\/div><h1 class='av-special-heading-tag '  itemprop=\"headline\"  >Contact<\/h1><div class=\"special-heading-border\"><div class=\"special-heading-inner-border\"><\/div><\/div><\/div><br \/>\n\n<style type=\"text\/css\" data-created_by=\"avia_inline_auto\" id=\"style-css-av-l0b26w0t-0670cc9349b0d7df11e5565810a1d987\">\n#top .av_textblock_section.av-l0b26w0t-0670cc9349b0d7df11e5565810a1d987 .avia_textblock{\ncolor:#ffffff;\n}\n<\/style>\n<section  class='av_textblock_section av-l0b26w0t-0670cc9349b0d7df11e5565810a1d987 '   itemscope=\"itemscope\" itemtype=\"https:\/\/schema.org\/CreativeWork\" ><div class='avia_textblock av_inherit_color'  itemprop=\"text\" ><p style=\"text-align: center;\"><strong>Courriel<\/strong> : secretariat@sfppg.fr<\/p>\n<p style=\"text-align: center;\"><strong>Courrier postal :<\/strong><\/p>\n<p style=\"text-align: center;\">SFPPG<br \/>\n59, rue Montcalm \u2013 75018 PARIS<\/p>\n<\/div><\/section><br \/>\n\n<style type=\"text\/css\" data-created_by=\"avia_inline_auto\" id=\"style-css-av-m4sif2iu-57dfe877159360b7158358ac73855117\">\n.avia-image-container.av-m4sif2iu-57dfe877159360b7158358ac73855117 img.avia_image{\nbox-shadow:none;\n}\n.avia-image-container.av-m4sif2iu-57dfe877159360b7158358ac73855117 .av-image-caption-overlay-center{\ncolor:#ffffff;\n}\n<\/style>\n<div  class='avia-image-container av-m4sif2iu-57dfe877159360b7158358ac73855117 av-styling- avia-align-center  avia-builder-el-16  el_after_av_textblock  avia-builder-el-last '   itemprop=\"image\" itemscope=\"itemscope\" itemtype=\"https:\/\/schema.org\/ImageObject\" ><div class=\"avia-image-container-inner\"><div class=\"avia-image-overlay-wrap\"><img decoding=\"async\" fetchpriority=\"high\" class='wp-image-1063 avia-img-lazy-loading-not-1063 avia_image ' src=\"https:\/\/www.sfppg.fr\/colloque\/wp-content\/uploads\/2026\/01\/picto-colloque-sfppg-26-300x300.png\" alt='' title='picto-colloque-sfppg-26'  height=\"300\" width=\"300\"  itemprop=\"thumbnailUrl\" srcset=\"https:\/\/www.sfppg.fr\/colloque\/wp-content\/uploads\/2026\/01\/picto-colloque-sfppg-26-300x300.png 300w, https:\/\/www.sfppg.fr\/colloque\/wp-content\/uploads\/2026\/01\/picto-colloque-sfppg-26-80x80.png 80w, https:\/\/www.sfppg.fr\/colloque\/wp-content\/uploads\/2026\/01\/picto-colloque-sfppg-26-36x36.png 36w, https:\/\/www.sfppg.fr\/colloque\/wp-content\/uploads\/2026\/01\/picto-colloque-sfppg-26-180x180.png 180w, https:\/\/www.sfppg.fr\/colloque\/wp-content\/uploads\/2026\/01\/picto-colloque-sfppg-26.png 500w\" sizes=\"(max-width: 300px) 100vw, 300px\" \/><\/div><\/div><\/div><\/p><\/div><div class='av-flex-placeholder'><\/div>\n<style type=\"text\/css\" data-created_by=\"avia_inline_auto\" id=\"style-css-av-20n51-1d1c2a52ea110308e577bd9c05315b88\">\n.flex_column.av-20n51-1d1c2a52ea110308e577bd9c05315b88{\nborder-radius:20px 20px 20px 20px;\npadding:30px 30px 30px 30px;\nbackground-color:#ffffff;\n}\n<\/style>\n<div  class='flex_column av-20n51-1d1c2a52ea110308e577bd9c05315b88 av_one_half  avia-builder-el-17  el_after_av_one_half  avia-builder-el-last  flex_column_table_cell av-equal-height-column av-align-middle  '     ><form action=\"https:\/\/www.sfppg.fr\/colloque\/contact\/\" method=\"post\" data-fields-with-error=\"Erreurs trouv\u00e9es dans les champs suivants :\" class=\"avia_ajax_form av-form-labels-hidden   avia-builder-el-18  avia-builder-el-no-sibling  av-centered-form   \" data-avia-form-id=\"1\" data-avia-redirect='' ><h3 class=''>Envoyez-nous un mail<\/h3><fieldset><p class='  first_form  form_element form_element_half' id='element_avia_1_1'><label for=\"avia_1_1\">Nom & Pr\u00e9nom <abbr class=\"required\" title=\"requis(e)\">*<\/abbr><\/label> <input name=\"avia_1_1\" class=\"text_input is_empty\" type=\"text\" id=\"avia_1_1\" value=\"\"  placeholder='Nom & Pr\u00e9nom*'\/><\/p><p class='  form_element form_element_half' id='element_avia_2_1'><label for=\"avia_2_1\">E-Mail <abbr class=\"required\" title=\"requis(e)\">*<\/abbr><\/label> <input name=\"avia_2_1\" class=\"text_input is_email\" type=\"text\" id=\"avia_2_1\" value=\"\"  placeholder='E-Mail*'\/><\/p><p class='  first_form  form_element form_fullwidth' id='element_avia_3_1'><label for=\"avia_3_1\" class=\"textare_label hidden textare_label_avia_3_1\">Message <abbr class=\"required\" title=\"requis(e)\">*<\/abbr><\/label><textarea  placeholder='Message*' name=\"avia_3_1\" class=\"text_area is_empty\" cols=\"40\" rows=\"7\" id=\"avia_3_1\" ><\/textarea><\/p><p class=\"hidden\"><input type=\"text\" name=\"avia_4_1\" class=\"hidden \" id=\"avia_4_1\" value=\"\" \/><\/p><p class='   form_element form_fullwidth' id='element_avia_5_1'><span class='value_verifier_label'>3 + 1 = ?<\/span><input name=\"avia_5_1_verifier\" type=\"hidden\" id=\"avia_5_1_verifier\" value=\"842742451\"\/><label for=\"avia_5_1\">Merci de prouver que vous \u00eates un humain en donnant le r\u00e9sultat de cette op\u00e9ration <abbr class=\"required\" title=\"requis(e)\">*<\/abbr><\/label><input name=\"avia_5_1\" class=\"text_input captcha\" type=\"text\" id=\"avia_5_1\" value=\"\"\/><\/p><p class=\"form_element \"><input type=\"hidden\" value=\"1\" name=\"avia_generated_form1\" \/><input type=\"submit\" value=\"Envoyer\" class=\"button\"  data-sending-label=\"Envoi\"\/><\/p><\/fieldset><\/form><div id=\"ajaxresponse_1\" class=\"ajaxresponse ajaxresponse_1 hidden\"><\/div><\/div><\/div><!--close column table wrapper. Autoclose: 1 -->\n<\/div><\/div><\/div><!-- close content main div --><\/div><\/div><\/div><div id='after_section_2'  class='main_color av_default_container_wrap container_wrap sidebar_right'  ><div class='container av-section-cont-open' ><div class='template-page content  av-content-small alpha units'><div class='post-entry post-entry-type-page post-entry-21'><div class='entry-content-wrapper clearfix'>\n","protected":false},"excerpt":{"rendered":"","protected":false},"author":1,"featured_media":0,"parent":0,"menu_order":0,"comment_status":"closed","ping_status":"closed","template":"","meta":{"footnotes":""},"class_list":["post-21","page","type-page","status-publish","hentry"],"_links":{"self":[{"href":"https:\/\/www.sfppg.fr\/colloque\/wp-json\/wp\/v2\/pages\/21","targetHints":{"allow":["GET"]}}],"collection":[{"href":"https:\/\/www.sfppg.fr\/colloque\/wp-json\/wp\/v2\/pages"}],"about":[{"href":"https:\/\/www.sfppg.fr\/colloque\/wp-json\/wp\/v2\/types\/page"}],"author":[{"embeddable":true,"href":"https:\/\/www.sfppg.fr\/colloque\/wp-json\/wp\/v2\/users\/1"}],"replies":[{"embeddable":true,"href":"https:\/\/www.sfppg.fr\/colloque\/wp-json\/wp\/v2\/comments?post=21"}],"version-history":[{"count":36,"href":"https:\/\/www.sfppg.fr\/colloque\/wp-json\/wp\/v2\/pages\/21\/revisions"}],"predecessor-version":[{"id":1115,"href":"https:\/\/www.sfppg.fr\/colloque\/wp-json\/wp\/v2\/pages\/21\/revisions\/1115"}],"wp:attachment":[{"href":"https:\/\/www.sfppg.fr\/colloque\/wp-json\/wp\/v2\/media?parent=21"}],"curies":[{"name":"wp","href":"https:\/\/api.w.org\/{rel}","templated":true}]}}